644 and 104316.
12
Calculate the greatest common divisor of 10868 and 1299780196.
10868
Calculate the greatest common factor of 914417348 and 1196.
1196
What is the highest common factor of 480 and 442620?
60
Calculate the highest common divisor of 45340 and 15.
5
Calculate the highest common divisor of 6640 and 13008640.
80
Calculate the greatest common factor of 17913 and 33320739.
2559
Calculate the greatest common factor of 45908 and 1447100.
1996
Calculate the greatest common divisor of 1654 and 16025606.
1654
What is the highest common divisor of 7047679 and 202?
101
What is the highest common factor of 6291280 and 156560?
1520
What is the greatest common factor of 668143 and 16709?
217
Calculate the highest common divisor of 13490 and 400140.
190
Calculate the greatest common factor of 24732 and 182513.
229
What is the highest common divisor of 638697 and 81729?
3027
What is the highest common divisor of 65706 and 40044?
282
Calculate the highest common divisor of 276610559 and 287.
41
Calculate the greatest common factor of 11 and 2413807.
11
Calculate the greatest common divisor of 4840 and 252285.
605
Calculate the highest common factor of 16 and 171461120.
16
What is the highest common divisor of 92 and 11242630?
46
Calculate the highest common divisor of 4337676 and 1388268.
1764
What is the greatest common divisor of 3151696 and 281?
281
Calculate the greatest common factor of 2846 and 18469117.
1423
Calculate the greatest common factor of 67367 and 4402085.
2323
What is the highest common factor of 547715 and 7770?
35
Calculate the highest common factor of 212 and 3280594.
106
Calculate the greatest common factor of 84 and 990206.
14
What is the greatest common factor of 40 and 9503096?
8
What is the highest common factor of 1503340622 and 14?
14
What is the highest common divisor of 8888510 and 5?
5
What is the greatest common factor of 5123322 and 76558?
758
Calculate the highest common factor of 1065 and 400935.
15
Calculate the highest common factor of 15056 and 2660207.
941
What is the greatest common divisor of 802710931 and 62?
31
What is the highest common factor of 99521 and 18124?
23
Calculate the greatest common divisor of 20787719 and 84133.
1717
Calculate the highest common factor of 189 and 3014793.
27
What is the highest common divisor of 22 and 2920378318?
22
Calculate the greatest common divisor of 63 and 27841662.
9
What is the greatest common factor of 24 and 6457764?
12
Calculate the highest common factor of 2954672 and 80.
16
Calculate the highest common divisor of 16423 and 5756360038.
16423
What is the greatest common factor of 2583 and 22030407?
2583
Calculate the greatest common factor of 91257843 and 1515.
303
Calculate the greatest common divisor of 8 and 7608628.
4
Calculate the highest common factor of 675 and 7901675.
25
What is the highest common factor of 257534950 and 150?
50
What is the highest common divisor of 10424 and 54664?
8
Calculate the highest common divisor of 5428 and 4126637.
1357
Calculate the greatest common factor of 539 and 1328996130.
539
Calculate the highest common factor of 4590666 and 1368.
342
What is the highest common divisor of 5060 and 1866040?
220
Calculate the greatest common divisor of 29412 and 15387378.
4902
Calculate the highest common factor of 62245 and 173873.
59
What is the greatest common divisor of 1057 and 396921?
7
What is the highest common divisor of 3777711 and 16107?
1239
What is the greatest common divisor of 1260 and 67383960?
420
What is the greatest common divisor of 2001 and 5467905?
69
Calculate the highest common factor of 482077 and 27261.
233
Calculate the highest common divisor of 1920160 and 5940.
220
Calculate the greatest common divisor of 15749624 and 184.
8
Calculate the greatest common divisor of 5148 and 5027.
11
What is the greatest common divisor of 2286955 and 7955?
215
Calculate the greatest common factor of 636 and 208758.
6
What is the highest common divisor of 39 and 1500078?
3
Calculate the highest common factor of 522088 and 616.
56
What is the greatest common factor of 210447 and 237582?
603
Calculate the greatest common divisor of 383 and 20009069.
383
Calculate the highest common factor of 158158 and 1028482.
182
What is the greatest common factor of 583535 and 45?
5
What is the greatest common factor of 5576 and 1529218?
1394
Calculate the highest common factor of 2964 and 34183812.
2964
Calculate the highest common factor of 35806706 and 9048.
754
What is the greatest common factor of 96354 and 41124978?
1818
Calculate the highest common divisor of 743344064 and 17607.
5869
What is the highest common factor of 9669 and 591?
3
Calculate the greatest common factor of 2234 and 512408.
2
Calculate the greatest common factor of 1325642 and 1286850.
746
What is the greatest common divisor of 230822 and 713610?
1762
What is the greatest common divisor of 23 and 13508?
1
What is the greatest common divisor of 23212831 and 248?
31
What is the highest common divisor of 35 and 15134455?
35
What is the highest common divisor of 105627449 and 68439?
3259
What is the highest common divisor of 1188 and 175057542?
198
Calculate the highest common divisor of 174 and 2158892182.
58
What is the greatest common factor of 97229 and 15389?
11
What is the highest common factor of 33235038 and 69471?
279
What is the greatest common factor of 379 and 1970421?
379
Calculate the greatest common factor of 246496377 and 22341.
2031
Calculate the greatest common factor of 49655 and 285.
5
What is the greatest common divisor of 33139 and 12724307?
1069
What is the highest common divisor of 410859 and 2133?
27
What is the highest common divisor of 1645 and 80276705?
235
What is the highest common factor of 18791760 and 420?
60
What is the greatest common factor of 975 and 49956855?
195
What is the greatest common factor of 242832317 and 91?
91
What is the highest common divisor of 4397792 and 3088?
16
Calculate the highest common factor of 19479 and 6772457.
43
What is the greatest common divisor of 34 and 10415101?
17
Calculate the greatest common divisor of 1902 and 826341018.
1902
Calculate the highest common factor of 25856 and 51964096.
6464
Calculate the highest common factor of 65816 and 5548.
76
What is the highest common factor of 3230266 and 969722?
6422
Calculate the highest common divisor of 18459 and 4158.
63
What is the highest common factor of 332610 and 363?
3
What is the greatest common divisor of 2106049 and 55?
11
What is the highest common factor of 485310 and 210?
210
What is the highest common divisor of 3015 and 87045060?
1005
What is the highest common factor of 649022 and 159126?
22
What is the highest common divisor of 85 and 37271735?
85
What is the highest common divisor of 449 and 472127?
1
What is the highest common divisor of 189 and 30995433?
189
Calculate the highest common factor of 3047 and 252153.
11
What is the greatest common divisor of 1314 and 1233658098?
1314
What is the greatest common factor of 2043 and 19405549?
227
What is the highest common divisor of 29125585 and 155?
155
What is the highest common divisor of 4262872464 and 1719?
1719
Calculate the greatest common factor of 28175 and 5401025.
1225
What is the highest common factor of 2026626 and 49494?
438
What is the highest common divisor of 809152658 and 893?
893
Calculate the highest common factor of 153402 and 28638.
222
Calculate the greatest common factor of 4031 and 6057839.
29
What is the highest common factor of 64461693 and 174?
87
Calculate the highest common divisor of 1931305 and 82.
41
What is the greatest common factor of 37427028 and 774?
258
What is the greatest common divisor of 78 and 554042892?
78
Calculate the highest common factor of 34952 and 17251896.
2056
What is the greatest common factor of 7 and 21256368?
7
What is the greatest common factor of 170 and 178375832?
34
Calculate the greatest common divisor of 29524 and 4759172.
484
Calculate the highest common factor of 4302 and 80577894.
1434
Calculate the highest common factor of 456775 and 26015.
605
Calculate the highest common factor of 263 and 69232120.
263
Calculate the greatest common factor of 48 and 229168.
16
Calculate the highest common divisor of 49720572 and 558.
